housands digit of 181541603?
4
What is the units digit of 55461002?
2
What is the thousands digit of 343399891?
9
What is the hundreds digit of 21847909?
9
What is the hundreds digit of 3281181952?
9
What is the ten thousands digit of 647059876?
5
What is the thousands digit of 131501267?
1
What is the hundred millions digit of 2696509206?
6
What is the millions digit of 47167122?
7
What is the hundred millions digit of 570144288?
5
What is the units digit of 3391341344?
4
What is the millions digit of 1203572161?
3
What is the units digit of 1683969374?
4
What is the millions digit of 511045452?
1
What is the hundred thousands digit of 299719857?
7
What is the hundred thousands digit of 457751888?
7
What is the thousands digit of 37963672?
3
What is the hundreds digit of 1539137397?
3
What is the ten millions digit of 717434201?
1
What is the hundreds digit of 3672221?
2
What is the hundred thousands digit of 773344778?
3
What is the millions digit of 179665328?
9
What is the hundreds digit of 1851561144?
1
What is the millions digit of 673541152?
3
What is the units digit of 889843730?
0
What is the tens digit of 44345041?
4
What is the ten thousands digit of 3783122834?
2
What is the units digit of 537908485?
5
What is the hundreds digit of 280332810?
8
What is the thousands digit of 32409356?
9
What is the tens digit of 224164934?
3
What is the ten thousands digit of 4481752022?
5
What is the ten millions digit of 142777445?
4
What is the hundreds digit of 180532687?
6
What is the millions digit of 70304047?
0
What is the hundreds digit of 5987831229?
2
What is the ten thousands digit of 12157114?
5
What is the ten thousands digit of 56002970?
0
What is the hundreds digit of 5461380?
3
What is the tens digit of 380278638?
3
What is the hundreds digit of 259296535?
5
What is the millions digit of 3314387540?
4
What is the units digit of 103851593?
3
What is the hundred millions digit of 396271335?
3
What is the hundred thousands digit of 50353653?
3
What is the millions digit of 7472368924?
2
What is the tens digit of 186588417?
1
What is the hundred thousands digit of 409765882?
7
What is the thousands digit of 515494995?
4
What is the hundred millions digit of 223941876?
2
What is the ten millions digit of 432332056?
3
What is the ten millions digit of 523435734?
2
What is the units digit of 33934062?
2
What is the hundred millions digit of 157751131?
1
What is the hundreds digit of 1623110066?
0
What is the hundred thousands digit of 217342441?
3
What is the ten millions digit of 86768139?
8
What is the millions digit of 324861006?
4
What is the billions digit of 1852783241?
1
What is the ten millions digit of 92396734?
9
What is the ten millions digit of 122889846?
2
What is the millions digit of 106947845?
6
What is the ten millions digit of 14990076?
1
What is the millions digit of 78061432?
8
What is the hundred millions digit of 1700569790?
7
What is the hundred thousands digit of 131227142?
2
What is the thousands digit of 133334999?
4
What is the ten thousands digit of 87473006?
7
What is the thousands digit of 103780245?
0
What is the hundreds digit of 222292334?
3
What is the units digit of 253462503?
3
What is the ten thousands digit of 88516127?
1
What is the ten thousands digit of 383164611?
6
What is the hundred thousands digit of 2849255202?
2
What is the units digit of 600961797?
7
What is the units digit of 60909789?
9
What is the billions digit of 1649058773?
1
What is the ten thousands digit of 123942305?
4
What is the hundreds digit of 385075866?
8
What is the ten thousands digit of 164322531?
2
What is the thousands digit of 101757?
1
What is the hundred thousands digit of 40301721?
3
What is the millions digit of 82403495?
2
What is the thousands digit of 3187838234?
8
What is the hundred thousands digit of 27192210?
1
What is the hundreds digit of 83849173?
1
What is the units digit of 333093069?
9
What is the tens digit of 36915628?
2
What is the hundred thousands digit of 578420738?
4
What is the hundred millions digit of 170192217?
1
What is the hundred thousands digit of 1856061836?
0
What is the hundreds digit of 742192553?
5
What is the hundreds digit of 588318046?
0
What is the tens digit of 858177095?
9
What is the tens digit of 35891629?
2
What is the millions digit of 198194707?
8
What is the millions digit of 20375675?
0
What is the hundreds digit of 2231306844?
8
What is the units digit of 37698534?
4
What is the billions digit of 3012462787?
3
What is the thousands digit of 52137182?
7
What is the tens digit of 14780547?
4
What is the ten millions digit of 484517436?
8
What is the tens digit of 150991231?
3
What is the thousands digit of 43090838?
0
What is the hundred millions digit of 343223058?
3
What is the hundred thousands digit of 33905549?
9
What is the ten millions digit of 990225595?
9
What is the millions digit of 28588935?
8
What is the hundred thousands digit of 53519901?
5
What is the units digit of 6966656?
6
What is the ten thousands digit of 403557010?
5
What is the tens digit of 48400713?
1
What is the ten thousands digit of 16445632?
4
What is the thousands digit of 812518464?
8
What is the hundred millions digit of 385444628?
3
What is the tens digit of 75353238?
3
What is the ten millions digit of 1871577581?
7
What is the units digit of 132655647?
7
What is the ten millions digit of 2943531582?
4
What is the thousands digit of 43337101?
7
What is the tens digit of 869893006?
0
What is the units digit of 35039677?
7
What is the ten thousands digit of 466241126?
4
What is the ten millions digit of 709048090?
0
What is the tens digit of 4587726966?
6
What is the millions digit of 293064939?
3
What is the units digit of 49654222?
2
What is the ten thousands digit of 2991354661?
5
What is the tens digit of 19062001?
0
What is the hundreds digit of 88643758?
7
What is the thousands digit of 157214273?
4
What is the ten millions digit of 243051304?
4
What is the hundreds digit of 408231966?
9
What is the tens digit of 60050099?
9
What is the tens digit of 59394181?
8
What is the hundreds digit of 97852019?
0
What is the ten thousands digit of 796395876?
9
What is the billions digit of 2268342139?
2
What is the units digit of 1302193300?
0
What is the hundred millions digit of 240800148?
2
What is the ten millions digit of 4578272911?
7
What is the hundred thousands digit of 107338235?
3
What is the thousands digit of 129794309?
4
What is the millions digit of 4777582476?
7
What is the thousands digit of 6654512818?
2
What is the thousands digit of 591613663?
3
What is the billions digit of 1353661131?
1
What is the ten thousands digit of 219980688?
8
What is the ten millions digit of 197192883?
9
What is the hundreds digit of 188942632?
6
What is the hundreds digit of 470158928?
9
What is the billions digit of 2055067238?
2
What is the tens digit of 49957029?
2
What is the thousands digit of 479163789?
3
What is the tens digit of 221648476?
7
What is the hundred thousands digit of 985888247?
8
What is the thousands digit of 5017508499?
8
What is the hundred thousands digit of 74227207?
2
What is the units digit of 85678331?
1
What is the ten thousands digit of 6165826543?
2
What is the billions digit of 1203773228?
1
What is the thousands digit of 24196921?
6
What is the ten millions digit of 2384194571?
8
What is the hundred thousands digit of 2255731981?
7
What is the tens digit of 116338052?
5
What is the ten thousands digit of 506653254?
5
What is the ten millions digit of 4758440918?
5
What is the hundred thousands digit of 130892661?
8
What is the hundred thousands digit of 27438531?
4
What is the tens digit of 72870866?
6
What is the thousands digit of 2420514007?
4
What is the units digit of 27856150?
0
What is the thousands digit of 597341767?
1
What is the ten thousands digit of 1131701951?
0
What is the ten millions digit of 36527925?
3
What is the hundred thousands digit of 557475398?
4
What is the billions digit of 1895971361?
1
What is the hundreds digit of 1326436073?
0
What is the hundred millions digit of 243168044?
2
What is the millions digit of 155249452?
5
What is the hundreds digit of 1470015770?
7
What is the units digit of 55529631?
1
What is the hundred milli